n base 15, what is 1 - 8eebe8?
-8eebe7
In base 14, what is 336 + -2c3?
53
In base 13, what is -a + 36cc92?
36cc85
In base 7, what is -240343210 + -3?
-240343213
In base 3, what is 1202112210021120 + 11?
1202112210021201
In base 14, what is -930 + 2836b?
2783b
In base 10, what is 86066299 + 1?
86066300
In base 15, what is 23ea2a3 + -5?
23ea29d
In base 9, what is 11724 + 527?
12352
In base 6, what is 5 - 10345233302?
-10345233253
In base 10, what is 36262156 - -1?
36262157
In base 3, what is -1 + 101122020120?
101122020112
In base 15, what is 12 - 8251b4?
-8251a2
In base 7, what is -310626313 - -24?
-310626256
In base 8, what is -41 + -5514452?
-5514513
In base 5, what is 2042140 - -31330?
2124020
In base 8, what is 4 + 23552463?
23552467
In base 8, what is -4 - -73410502?
73410476
In base 5, what is -104 + -13044401402?
-13044402011
In base 3, what is -12011 + 11102111102?
11102022021
In base 5, what is 34 + -330221202?
-330221113
In base 3, what is 122 + 1101200111011?
1101200111210
In base 7, what is -3553062 - 340?
-3553432
In base 13, what is -36 - -10466?
10430
In base 4, what is -32 - 13210312?
-13211010
In base 3, what is -12 + -2020111022201?
-2020111022220
In base 7, what is -363242521 - -13?
-363242505
In base 13, what is 589b0 + 4a?
58a2a
In base 6, what is 123000225 + 200?
123000425
In base 4, what is 23112 + 11321200?
12010312
In base 10, what is 3 + 97530945?
97530948
In base 9, what is -1 + -103481415?
-103481416
In base 12, what is 73 - -1b1642?
1b16b5
In base 16, what is -2297d8 + -4?
-2297dc
In base 12, what is 443769 - -47?
4437b4
In base 4, what is 313001200131 - -13?
313001200210
In base 10, what is -17057 + 6269?
-10788
In base 6, what is 11520 + 241120?
253040
In base 16, what is 1e95 + -66b?
182a
In base 6, what is 1354 - -13324353?
13330151
In base 12, what is -2 + -35191374?
-35191376
In base 4, what is 10 + -3010201112?
-3010201102
In base 13, what is -4b2c - b133?
-12c62
In base 14, what is -18909098 - 2?
-1890909a
In base 6, what is 422045 + 144?
422233
In base 14, what is -80b7b + -2d?
-80baa
In base 14, what is 1c6 + -43406?
-43220
In base 11, what is -1 + -35110a8?
-35110a9
In base 12, what is 32b7b + -107?
32a74
In base 4, what is -2012002213231 - -3?
-2012002213222
In base 4, what is -300 + -330322310?
-330323210
In base 11, what is 83 - -8514?
8597
In base 6, what is 13140404 + 10?
13140414
In base 11, what is -128988788 - -3?
-128988785
In base 3, what is 2 + 2102110200221?
2102110201000
In base 2, what is -11101 - 11010111011110000?
-11010111100001101
In base 6, what is -23154420 - -3?
-23154413
In base 4, what is 110 + -302002121031?
-302002120321
In base 12, what is -a5a99 + 39?
-a5a60
In base 2, what is -111001010111 + -1001011100101010?
-1010010110000001
In base 14, what is -c438 + 466?
-bdb2
In base 6, what is 20432320 - -1433?
20434153
In base 14, what is -19672 - -2db3?
-1669d
In base 10, what is -38 - 23581?
-23619
In base 9, what is -2128800 - -3?
-2128786
In base 5, what is 3404301331101 + -2?
3404301331044
In base 4, what is -102 - -1321131032103?
1321131032001
In base 9, what is -5870781 + -2?
-5870783
In base 11, what is -12721a8 - -3?
-12721a5
In base 14, what is a - 7dcab47?
-7dcab3b
In base 16, what is -e - -2983b4d?
2983b3f
In base 16, what is 7546 + -3701?
3e45
In base 7, what is 604553 - 16?
604534
In base 2, what is -11100 + 11010111001011111010?
11010111001011011110
In base 3, what is 120211021120022 - 0?
120211021120022
In base 14, what is -64985c5 + 5?
-64985c0
In base 13, what is -6040b4 - 10?
-6040c4
In base 15, what is -44301 - -985?
-4386b
In base 7, what is -3 + 11333401?
11333365
In base 8, what is 2655 + 50461?
53336
In base 14, what is 18c18 + -7d9?
1841d
In base 10, what is -568792 + -24?
-568816
In base 9, what is 16521 - 48?
16462
In base 8, what is 1 - 374033641?
-374033640
In base 4, what is 1010 - 20003311131?
-20003310121
In base 6, what is -3003251 - -153?
-3003054
In base 9, what is -40 - -101065?
101025
In base 14, what is -13c45 - -103?
-13b42
In base 16, what is 1e + 168c5f2?
168c610
In base 7, what is 6 + 4544204?
4544213
In base 5, what is -32023 + 134330242?
134243214
In base 7, what is 15621 - -4124?
23045
In base 4, what is -133132 + 111302032?
111102300
In base 9, what is -151764202 - -3?
-151764188
In base 4, what is -12031202 - -10300?
-12020302
In base 13, what is 1c3 + 109822?
109a15
In base 2, what is -101111110101100000111111 + -10?
-101111110101100001000001
In base 7, what is -22644 - 62351?
-115325
In base 16, what is -130 + -4f5f?
-508f
In base 7, what is 261546 + 4165?
266044
In base 3, what is 11 + -120112221022010122?
-120112221022010111
In base 5, what is 2 - -4443333440?
4443333442
In base 5, what is 4 + -33140320421?
-33140320412
In base 16, what is d1946 + 0?
d1946
In base 4, what is 2033230230 - 32?
2033230132
In base 2, what is 11110100101 + -1011110011001011?
-1011010100100110
In base 4, what is 23323323 + -3031030?
20232233
In base 14, what is -323dbc + 2?
-323dba
In base 9, what is -2344164 - 16?
-2344181
In base 13, what is 2a6 + -62714?
-6243b
In base 15, what is -1b + -2769b1?
-2769cc
In base 15, what is b5c73c + -a?
b5c732
In base 15, what is -1ca7 - -118d?
-b19
In base 4, what is -12110031201 + -31?
-12110031232
In base 10, what is -20 + 13022958?
13022938
In base 3, what is 100212 - -120102110?
120210022
In base 10, what is -9 + 5248737?
5248728
In base 8, what is 4170046264 - 2?
4170046262
In base 13, what is -c7 + 16b1b?
16a24
In base 16, what is 2dd095 - 4?
2dd091
In base 9, what is -188 + 676580?
676381
In base 11, what is 1834 + 6448?
8181
In base 16, what is 7bb279 - -1?
7bb27a
In base 3, what is -12 - 111021020210?
-111021020222
In base 3, what is -122021200220020 - -121?
-122021200212122
In base 10, what is -30709 + 159?
-30550
In base 3, what is -2110201 + -12221022?
-22102000
In base 5, what is 2 - -1002321314?
1002321321
In base 4, what is 31312 - 2101111?
-2003133
In base 2, what is 11 + -10110001011001110100000?
-10110001011001110011101
In base 16, what is 1ef8c4 - 1?
1ef8c3
In base 3, what is 11121220210 + -2210101?
11112010102
In base 10, what is 5 + -33653604?
-33653599
In base 7, what is 14506 - -40013?
54522
In base 6, what is -1 - -1024113134?
1024113133
In base 3, what is 100022 + 101112212?
101220011
In base 6, what is -21133143 + 12?
-21133131
In base 16, what is 6 - -4055a18?
4055a1e
In base 13, what is -b52a7 + 30a?
-b4c9a
In base 8, what is 16 - 11671645?
-11671627
In base 4, what is 203121311 + -2022211?
201033100
In base 9, what is -55 - 207041?
-207106
In base 16, what is -629b + -3e61?
-a0fc
In base 2, what is -1011100010 - 10000101100011110011?
-10000101101111010101
In base 14, what is aac - -377a2?
38470
In base 13, what is -5 - -10a4c0?
10a4b8
In base 8, what is -14446 + -4631?
-21277
In base 13, what is -6 + 4a1c0?
4a1b7
In base 13, what is 4 - -2ac8a4?
2ac8a8
In base 13, what is 1 + -111cb27?
-111cb26
In base 6, what is 15 - 15152352?
-15152333
In base 8, what is 10 - -2315?
2325
In base 14, what is -54326 - -1d?
-54307
In base 9, what is 663 + -102717?
-102044
In base 9, what is 61442 - 11104?
50337
In base 5, what is 204321 - 2223441?
-2014120
In base 9, what is 2330 - 681?
1538
In base 8, what is -250342436 - 15?
-250342453
In base 8, what is -3 - -556377130?
556377125
In base 6, what is 1215 - 215342?
-214123
In base 11, what is 1295191 - 8?
1295184
In base 5, what is -112 - 1012324323?
-1012324440
In base 16, what is 15 - -681dea?
681dff
In base 14, what is -81a - 102?
-91c
In base 12, what is 37764 + -bb?
37665
In base 2, what is -1010111 - -10000100100101110101111?
10000100100101101011000
In base 14, what is -3 + 10c335?
10c332
In base 16, what is -8daa7c - -4?
-8daa78
In base 8, what is 0 + 60717246?
60717246
In base 16, what is c + -24fcf18?
-24fcf0c
In base 14, what is 0 + 58117b?
58117b
In base 12, what is -720 + 3ba1?
3481
In base 13, what is 108 - -14c92?
1509a
In base 13, what is 3 + ac192b?
ac1931
In base 2, what is -101 + -1111001001110011110110?
-1111001001110011111011
In base 13, what is aba5491 - b?
aba5483
In base 15, what is 5 - -35846bd?
35846c3
In base 12, what is b6 + 224869?
224963
In base 5, what is -120 - -123104110?
123103440
In base 14, what is -55 + 51c7?
5172
In ba